{"id":7233,"date":"2019-01-12T21:50:48","date_gmt":"2019-01-12T20:50:48","guid":{"rendered":"http:\/\/www.vom-sonnenbusch.eu\/?page_id=7233"},"modified":"2024-07-28T13:49:35","modified_gmt":"2024-07-28T11:49:35","slug":"kastrate","status":"publish","type":"page","link":"https:\/\/www.vom-sonnenbusch.eu\/?page_id=7233","title":{"rendered":"Kastraten"},"content":{"rendered":"<p>&nbsp;<\/p>\n<p style=\"text-align: center;\"><strong>Wir haben zeitweise Kastraten in liebevolle H\u00e4nde abzugeben!<\/strong><\/p>\n<p style=\"text-align: center;\"><strong><span style=\"font-size: 22px;\"><span style=\"font-size: 16px;\">Auf die Bilder klicken zum vergr\u00f6\u00dfern!<\/span><\/span><\/strong><\/p>\n<p><a href=\"http:\/\/www.vom-sonnenbusch.eu\/wp-content\/uploads\/2016\/09\/Lupe_Piktogramm.gif\" rel=\"lightbox[4912]\"><img loading=\"lazy\" class=\"aligncenter wp-image-5954 \" title=\"Lupe_\" src=\"http:\/\/www.vom-sonnenbusch.eu\/wp-content\/uploads\/2016\/09\/Lupe_Piktogramm.gif\" alt=\"\" width=\"40\" height=\"40\" \/><\/a><\/p>\n<p><span style=\"font-size: 19px; font-style: italic; font-weight: 900;\">Gr. Int. Ch.Tabasco vom Sonnenbusch\u00a0<\/span><\/p>\n<div class=\"entry-content\">\n<div class=\"entry-content\">\n<p>Geboren: 06.05.2021<br \/>\nFarbe: red-tabby-point<br \/>\nBlutgruppe: A<br \/>\nFeLV-FIV negativ<br \/>\nPKD -1- Gen. negativ<\/p>\n<\/div>\n<\/div>\n<p><a href=\"http:\/\/www.vom-sonnenbusch.eu\/wp-content\/uploads\/2023\/09\/16866259298637996192569221086699.jpg\" rel=\"lightbox[7233]\"><img loading=\"lazy\" class=\"aligncenter wp-image-9178\" src=\"http:\/\/www.vom-sonnenbusch.eu\/wp-content\/uploads\/2023\/09\/16866259298637996192569221086699-300x200.jpg\" alt=\"Tabasco\" width=\"295\" height=\"196\" srcset=\"https:\/\/www.vom-sonnenbusch.eu\/wp-content\/uploads\/2023\/09\/16866259298637996192569221086699-300x200.jpg 300w, https:\/\/www.vom-sonnenbusch.eu\/wp-content\/uploads\/2023\/09\/16866259298637996192569221086699.jpg 512w\" sizes=\"(max-width: 295px) 85vw, 295px\" \/><\/a><\/p>\n<p>&nbsp;<\/p>\n<p><span style=\"font-size: 19px; font-style: italic; font-weight: 900;\">Int. Ch. Vivien vom Sonnenbusch<\/span><\/p>\n<div class=\"entry-content\">\n<div class=\"entry-content\">\n<p>Geboren: 12.06.2015<br \/>\nFarbe: chocolate-torbie-point<br \/>\nBlutgruppe: A<br \/>\nFeLV-FIV negativ<br \/>\nPKD -1- Gen. negativ<\/p>\n<h6><a href=\"http:\/\/www.vom-sonnenbusch.eu\/wp-content\/uploads\/2020\/09\/IMG_20200902_165307-scaled.jpg\" rel=\"lightbox[7227]\"><img loading=\"lazy\" class=\"aligncenter wp-image-8515 size-medium\" src=\"http:\/\/www.vom-sonnenbusch.eu\/wp-content\/uploads\/2020\/09\/IMG_20200902_165307-261x300.jpg\" sizes=\"(max-width: 374px) 85vw, 374px\" srcset=\"http:\/\/www.vom-sonnenbusch.eu\/wp-content\/uploads\/2020\/09\/IMG_20200902_165307-261x300.jpg 261w, http:\/\/www.vom-sonnenbusch.eu\/wp-content\/uploads\/2020\/09\/IMG_20200902_165307-892x1024.jpg 892w, http:\/\/www.vom-sonnenbusch.eu\/wp-content\/uploads\/2020\/09\/IMG_20200902_165307-768x882.jpg 768w, http:\/\/www.vom-sonnenbusch.eu\/wp-content\/uploads\/2020\/09\/IMG_20200902_165307-1338x1536.jpg 1338w, http:\/\/www.vom-sonnenbusch.eu\/wp-content\/uploads\/2020\/09\/IMG_20200902_165307-1784x2048.jpg 1784w, http:\/\/www.vom-sonnenbusch.eu\/wp-content\/uploads\/2020\/09\/IMG_20200902_165307-1200x1377.jpg 1200w\" alt=\"\" width=\"261\" height=\"300\" \/><\/a><\/h6>\n<\/div>\n<\/div>\n<p>&nbsp;<\/p>\n<p>&nbsp;<\/p>\n<p><span style=\"font-size: 19px; font-style: italic; font-weight: 900;\">Int. Ch. Eisha vom Sonnenbusch\u00a0 \u00a0 Tochter von Vivien<br \/>\n<\/span><\/p>\n<p><span class=\"auto-style2\">Geboren: 05.05.2017<\/span><br class=\"auto-style2\" \/><span class=\"auto-style2\">Farbe: blue-torbie-point<\/span><br class=\"auto-style2\" \/><span class=\"auto-style2\">Blutgruppe: A<\/span><br class=\"auto-style2\" \/><span class=\"auto-style2\">FeLV \u2013 FIV negativ<\/span><br class=\"auto-style2\" \/><span class=\"auto-style2\">PKD 1 Gen negativ<\/span><\/p>\n<p><a href=\"http:\/\/www.vom-sonnenbusch.eu\/wp-content\/uploads\/2018\/02\/IMG_0922.jpg\" rel=\"lightbox[7233]\"><img loading=\"lazy\" class=\"aligncenter wp-image-6817 size-medium\" src=\"http:\/\/www.vom-sonnenbusch.eu\/wp-content\/uploads\/2018\/02\/IMG_0922-295x300.jpg\" alt=\"Eisha vom Sonnenbusch\" width=\"295\" height=\"300\" srcset=\"https:\/\/www.vom-sonnenbusch.eu\/wp-content\/uploads\/2018\/02\/IMG_0922-295x300.jpg 295w, https:\/\/www.vom-sonnenbusch.eu\/wp-content\/uploads\/2018\/02\/IMG_0922-1009x1024.jpg 1009w, https:\/\/www.vom-sonnenbusch.eu\/wp-content\/uploads\/2018\/02\/IMG_0922.jpg 1482w\" sizes=\"(max-width: 295px) 85vw, 295px\" \/><\/a><\/p>\n<header class=\"entry-header\">\n<h6><\/h6>\n<h6 class=\"entry-title\">Shambhala\u2019s Arabella<\/h6>\n<\/header>\n<div class=\"entry-content\">\n<p>Geboren: 01.09.2008<br \/>\nFarbe: chocolate-point<br \/>\nBlutgruppe A<br \/>\nFeLV-FIV negativ<br \/>\nPKD 1 Gen negativ<\/p>\n<p>&nbsp;<\/p>\n<p><a href=\"http:\/\/www.vom-sonnenbusch.eu\/wp-content\/uploads\/2010\/09\/CIMG0296-Kopie.jpg\" rel=\"lightbox[5289]\"><img loading=\"lazy\" class=\"wp-image-1542 size-medium aligncenter\" title=\"Arabella\" src=\"http:\/\/www.vom-sonnenbusch.eu\/wp-content\/uploads\/2010\/09\/CIMG0296-Kopie-300x288.jpg\" sizes=\"(max-width: 300px) 85vw, 300px\" srcset=\"http:\/\/www.vom-sonnenbusch.eu\/wp-content\/uploads\/2010\/09\/CIMG0296-Kopie-300x288.jpg 300w, http:\/\/www.vom-sonnenbusch.eu\/wp-content\/uploads\/2010\/09\/CIMG0296-Kopie-1024x985.jpg 1024w\" alt=\"\" width=\"300\" height=\"288\" \/><\/a><\/p>\n<div id='gallery-1' class='gallery galleryid-7233 gallery-columns-3 gallery-size-thumbnail'><figure class='gallery-item'>\n\t\t\t<div class='gallery-icon landscape'>\n\t\t\t\t<a href='https:\/\/www.vom-sonnenbusch.eu\/wp-content\/uploads\/2010\/09\/P1010009-3-Kopie.jpg' rel=\"lightbox[7233]\"><img width=\"150\" height=\"150\" src=\"https:\/\/www.vom-sonnenbusch.eu\/wp-content\/uploads\/2010\/09\/P1010009-3-Kopie-150x150.jpg\" class=\"attachment-thumbnail size-thumbnail\" alt=\"\" loading=\"lazy\" aria-describedby=\"gallery-1-1563\" \/><\/a>\n\t\t\t<\/div>\n\t\t\t\t<figcaption class='wp-caption-text gallery-caption' id='gallery-1-1563'>\n\t\t\t\tArabella\n\t\t\t\t<\/figcaption><\/figure><figure class='gallery-item'>\n\t\t\t<div class='gallery-icon landscape'>\n\t\t\t\t<a href='https:\/\/www.vom-sonnenbusch.eu\/wp-content\/uploads\/2019\/02\/Arabella_1.jpg' rel=\"lightbox[7233]\"><img width=\"150\" height=\"150\" src=\"https:\/\/www.vom-sonnenbusch.eu\/wp-content\/uploads\/2019\/02\/Arabella_1-150x150.jpg\" class=\"attachment-thumbnail size-thumbnail\" alt=\"\" loading=\"lazy\" aria-describedby=\"gallery-1-7509\" \/><\/a>\n\t\t\t<\/div>\n\t\t\t\t<figcaption class='wp-caption-text gallery-caption' id='gallery-1-7509'>\n\t\t\t\t Arabella\n\t\t\t\t<\/figcaption><\/figure>\n\t\t<\/div>\n\n<h6>Unsere geliebte Bella ist am 25.12.2023 \u00fcber die Regenbogenbr\u00fccke gegangen.<br \/>\nWir vermissen dich so sehr&#8230;&#8230;<\/h6>\n<h6><\/h6>\n<h6>Eu. Ch. Fiona vom Sonnenbusch\u00a0 \u00a0 \u00a0 Tochter von Gladys<\/h6>\n<p>Geboren: 06.06.2011<br \/>\nFarbe: chocolate-tabby-point<br \/>\nBlutgruppe A<br \/>\nFeLV-FIV negativ<br \/>\nPKD 1 Gen negativ<\/p>\n<p><a href=\"http:\/\/www.vom-sonnenbusch.eu\/wp-content\/uploads\/2012\/12\/IMG_1963-e1361951823236.jpg\" rel=\"lightbox[7233]\"><img loading=\"lazy\" class=\"aligncenter wp-image-3412 size-medium\" src=\"http:\/\/www.vom-sonnenbusch.eu\/wp-content\/uploads\/2012\/12\/IMG_1963-e1361951823236-199x300.jpg\" alt=\"Fiona\" width=\"199\" height=\"300\" srcset=\"https:\/\/www.vom-sonnenbusch.eu\/wp-content\/uploads\/2012\/12\/IMG_1963-e1361951823236-199x300.jpg 199w, https:\/\/www.vom-sonnenbusch.eu\/wp-content\/uploads\/2012\/12\/IMG_1963-e1361951823236.jpg 426w\" sizes=\"(max-width: 199px) 85vw, 199px\" \/><\/a><\/p>\n<p><a href=\"http:\/\/www.vom-sonnenbusch.eu\/wp-content\/uploads\/2019\/02\/fiona_2.jpg\" rel=\"lightbox[7233]\"><img loading=\"lazy\" class=\"aligncenter wp-image-7500 size-medium\" src=\"http:\/\/www.vom-sonnenbusch.eu\/wp-content\/uploads\/2019\/02\/fiona_2-300x214.jpg\" alt=\"Fiona\" width=\"300\" height=\"214\" srcset=\"https:\/\/www.vom-sonnenbusch.eu\/wp-content\/uploads\/2019\/02\/fiona_2-300x214.jpg 300w, https:\/\/www.vom-sonnenbusch.eu\/wp-content\/uploads\/2019\/02\/fiona_2-768x547.jpg 768w, https:\/\/www.vom-sonnenbusch.eu\/wp-content\/uploads\/2019\/02\/fiona_2-1024x729.jpg 1024w, https:\/\/www.vom-sonnenbusch.eu\/wp-content\/uploads\/2019\/02\/fiona_2-1200x855.jpg 1200w, https:\/\/www.vom-sonnenbusch.eu\/wp-content\/uploads\/2019\/02\/fiona_2.jpg 1203w\" sizes=\"(max-width: 300px) 85vw, 300px\" \/><\/a><\/p>\n<\/div>\n<h6 class=\"entry-header\">Champion Gladys vom Adlerdenkmal<\/h6>\n<div class=\"entry-content\">\n<p>Geboren: 18.04.2009<br \/>\nFarbe: chocolate-tabby-point<br \/>\nUnsere geliebte Gladys ist am 12.12.2019 \u00fcber die Regenbogenbr\u00fccke gegangen.<br \/>\nWir vermissen dich so sehr&#8230;&#8230;<\/p>\n<p><a href=\"http:\/\/www.vom-sonnenbusch.eu\/wp-content\/uploads\/2010\/03\/P1010023-31.jpg\" rel=\"lightbox[5790]\"><img loading=\"lazy\" class=\"aligncenter wp-image-712 size-medium\" title=\"Gladys\" src=\"http:\/\/www.vom-sonnenbusch.eu\/wp-content\/uploads\/2010\/03\/P1010023-31-225x300.jpg\" sizes=\"(max-width: 225px) 85vw, 225px\" srcset=\"http:\/\/www.vom-sonnenbusch.eu\/wp-content\/uploads\/2010\/03\/P1010023-31-225x300.jpg 225w, http:\/\/www.vom-sonnenbusch.eu\/wp-content\/uploads\/2010\/03\/P1010023-31.jpg 480w\" alt=\"\" width=\"225\" height=\"300\" \/><\/a><a href=\"http:\/\/www.vom-sonnenbusch.eu\/wp-content\/uploads\/2010\/03\/P10100131.jpg\" rel=\"lightbox[5790]\"><img loading=\"lazy\" class=\"size-medium wp-image-710 aligncenter\" title=\"Gladys\" src=\"http:\/\/www.vom-sonnenbusch.eu\/wp-content\/uploads\/2010\/03\/P10100131-225x300.jpg\" sizes=\"(max-width: 225px) 85vw, 225px\" srcset=\"http:\/\/www.vom-sonnenbusch.eu\/wp-content\/uploads\/2010\/03\/P10100131-225x300.jpg 225w, http:\/\/www.vom-sonnenbusch.eu\/wp-content\/uploads\/2010\/03\/P10100131.jpg 480w\" alt=\"\" width=\"225\" height=\"300\" \/><\/a><\/p>\n<\/div>\n\n","protected":false},"excerpt":{"rendered":"<p>&nbsp; Wir haben zeitweise Kastraten in liebevolle H\u00e4nde abzugeben! Auf die Bilder klicken zum vergr\u00f6\u00dfern! Gr. Int. Ch.Tabasco vom Sonnenbusch\u00a0 Geboren: 06.05.2021 Farbe: red-tabby-point Blutgruppe: A FeLV-FIV negativ PKD -1- Gen. negativ &nbsp; Int. Ch. Vivien vom Sonnenbusch Geboren: 12.06.2015 Farbe: chocolate-torbie-point Blutgruppe: A FeLV-FIV negativ PKD -1- Gen. negativ &nbsp; &nbsp; Int. Ch. Eisha &hellip; <a href=\"https:\/\/www.vom-sonnenbusch.eu\/?page_id=7233\" class=\"more-link\"><span class=\"screen-reader-text\">\u201eKastraten\u201c<\/span> weiterlesen<\/a><\/p>\n","protected":false},"author":1,"featured_media":0,"parent":0,"menu_order":0,"comment_status":"closed","ping_status":"closed","template":"","meta":[],"_links":{"self":[{"href":"https:\/\/www.vom-sonnenbusch.eu\/index.php?rest_route=\/wp\/v2\/pages\/7233"}],"collection":[{"href":"https:\/\/www.vom-sonnenbusch.eu\/index.php?rest_route=\/wp\/v2\/pages"}],"about":[{"href":"https:\/\/www.vom-sonnenbusch.eu\/index.php?rest_route=\/wp\/v2\/types\/page"}],"author":[{"embeddable":true,"href":"https:\/\/www.vom-sonnenbusch.eu\/index.php?rest_route=\/wp\/v2\/users\/1"}],"replies":[{"embeddable":true,"href":"https:\/\/www.vom-sonnenbusch.eu\/index.php?rest_route=%2Fwp%2Fv2%2Fcomments&post=7233"}],"version-history":[{"count":56,"href":"https:\/\/www.vom-sonnenbusch.eu\/index.php?rest_route=\/wp\/v2\/pages\/7233\/revisions"}],"predecessor-version":[{"id":9294,"href":"https:\/\/www.vom-sonnenbusch.eu\/index.php?rest_route=\/wp\/v2\/pages\/7233\/revisions\/9294"}],"wp:attachment":[{"href":"https:\/\/www.vom-sonnenbusch.eu\/index.php?rest_route=%2Fwp%2Fv2%2Fmedia&parent=7233"}],"curies":[{"name":"wp","href":"https:\/\/api.w.org\/{rel}","templated":true}]}}